 331 = 5*g - 4*n, -4*g - 2*n + 186 = 0. Let b = 541 - 361. What is the remainder when b is divided by g?
42
Suppose -5*z - 7*k + 6*k = -1071, -855 = -4*z + k. What is the remainder when z is divided by 18?
16
Let a = 459 + -365. Calculate the remainder when a is divided by 9.
4
Suppose -5*s + m + 296 = 0, -2*m - 157 = -2*s - 45. Suppose 0 = -9*i + 6*i + s. What is the remainder when 57 is divided by i?
17
Suppose 0 = -2*c + 4*k + 4, -c + k + 3*k = 2. What is the remainder when 22 is divided by c?
4
Let m = -22 - -30. What is the remainder when 116 is divided by ((-195)/52)/((-1)/m)?
26
Suppose -30 = 50*h - 56*h. Suppose -v + 5*n - 2 = 9, 0 = 2*v + h*n - 53. What is the remainder when 40 is divided by v?
12
Let i = 331 - 297. Calculate the remainder when 713 is divided by i.
33
Suppose 0*h = -41*h + 1148. What is the remainder when h is divided by 6?
4
Let t(f) = -5*f + 89. Suppose -7*z = -2*z - 40. Calculate the remainder when t(10) is divided by z.
7
Suppose 2*n = -3*n + 15. Suppose -n*t = -4*w - 51, 2*w - 72 = -3*t - w. Calculate the remainder when t is divided by 13.
8
Suppose -18 + 3 = -5*h. Suppose -2*w + 135 = 2*q - h*q, 4*q + 120 = 2*w. Calculate the remainder when w is divided by 18.
16
Let k(l) = l**3 + 10*l**2 - 7*l + 48. What is the remainder when k(-11) is divided by 1?
0
Let y = 249 + -198. Suppose -4*v + 5*u = -16, -4*v + 4*u + 22 = 2. Calculate the remainder when y is divided by v.
6
Suppose 0 = -9*d - 14*d + 207. Calculate the remainder when 124 is divided by d.
7
Let l be (-5)/(-10)*16*76. Calculate the remainder when 109 is divided by 6/21 + l/28.
21
Suppose -20*p = -34*p + 224. What is the remainder when 79 is divided by p?
15
Suppose -2*k - 6 = -12. Suppose -k - 9 = -3*v. Let j(p) = p**3 - p + 10. What is the remainder when j(0) is divided by v?
2
Suppose 21*n - 5169 = 1341. Calculate the remainder when n is divided by 8.
6
Suppose 442 = -48*z + 61*z. Calculate the remainder when z is divided by 14.
6
Suppose -5*o = -o + 4*s + 36, 66 = -4*o + 2*s. What is the remainder when 22 is divided by 4/o + 3 + (-111)/(-21)?
6
Let g(k) = 2*k**2 + 23*k + 10. Let q be g(-11). Let w(m) = 49*m**2 - 4*m - 4. What is the remainder when w(q) is divided by 26?
23
Suppose -4*u = -k + 9, 0 = -3*k + 2*k + u + 24. What is the remainder when k is divided by 12?
5
Suppose 0*m - 2*m = -32. Suppose -x + 24 = 3*y - 2*x, -4*x = 4*y - m. Let h = 13 - y. Calculate the remainder when 23 is divided by h.
5
Calculate the remainder when 7*(-2)/(-2)*97 - -3 is divided by 76.
74
Suppose 2*k + 14 - 1 = 5*h, 2 = h - k. Suppose -h*n - 2 = 7, -3*n + 33 = 3*m. Calculate the remainder when 81 is divided by m.
11
Let a = -12 - -20. Suppose 1 + a = s. Let v(t) = t**3 + 13*t**2 - t + 3. Calculate the remainder when v(-13) is divided by s.
7
Let m = 348 - 342. What is the remainder when 105 is divided by m?
3
Let l(x) = x**2 - 5*x + 8. Let q be l(4). Let k = 19 - q. Suppose -84 = s - 3*s. Calculate the remainder when s is divided by k.
12
Let q(d) = -d**3 + 4*d**2 + 14. What is the remainder when q(4) is divided by 4 - (-2 + -1 - -3)?
2
Suppose 22*m + 2455 = 27*m. Calculate the remainder when m is divided by 31.
26
Let m(b) = -b + 9. Let p be m(7). Suppose p*g + 2*g = 36. Let i(o) = -4*o**2 - 7*o + 35. What is the remainder when g is divided by i(2)?
4
Suppose 600 = 31*v - v. What is the remainder when 176 is divided by v?
16
Let s = 88 + -56. Suppose 7*o + s - 81 = 0. Calculate the remainder when o is divided by 5.
2
Let k(p) be the first derivative of p**4/4 - 7*p**3/3 - 3*p**2 + 2*p + 48. Let o = 21 - 13. Calculate the remainder when 51 is divided by k(o).
15
Let i = -10 + 31. Let n = i + -18. Suppose -n*z + 5*z - 266 = 0. What is the remainder when z is divided by 34?
31
Suppose -4*j - 76 - 32 = 0. Calculate the remainder when ((0 + 1)*-14)/(6/j) is divided by 32.
31
Let b(x) = -45*x + 2. Let j = -11 + 9. Let z be b(j). Let m = z + -62. Calculate the remainder when m is divided by 11.
8
Suppose -3*g + 3 = -4*k - 4, -3*k = -6. Calculate the remainder when 14*g/30*9 is divided by 9.
3
Suppose 29*s = -3*t + 28*s + 516, -2*t = -2*s - 336. Calculate the remainder when t is divided by 44.
39
Suppose -902 = 11*u - 33*u. What is the remainder when 126 is divided by u?
3
Suppose -155 = -5*a - 5*k, 2*a = -2*k + 3*k + 80. Suppose -3 - 37 = -2*n. Calculate the remainder when a is divided by n.
17
Let p(u) = u**2 + u - 5. Suppose -2*z + 2 = -10. Let y(n) = n**2 - 2*n - 5. What is the remainder when p(z) is divided by y(6)?
18
Suppose 8 = -t + 2*t. Suppose -20 = 4*g, -d + 2*d + 2 = -g. Calculate the remainder when (-1 - -11) + 2 + d is divided by t.
7
Let n = -5 - -6. Let m(o) = 25*o - 3. What is the remainder when m(n) is divided by 6?
4
Let v(y) = -y**3 - 3*y**2 + 4*y + 2. Let i be v(-3). Let w = i + 21. Let j(c) = c**2 + 2*c - 4. Calculate the remainder when w is divided by j(-4).
3
Let n(b) = -b**3 + 16*b**2 - 3*b - 2. Let s be n(16). Let a = 58 + s. Calculate the remainder when 27 is divided by a.
3
What is the remainder when (3 - 462/12)*-2 is divided by 27?
17
Let d(r) = -r + 30. Let u be 1 - (-36)/(7 + -3). What is the remainder when 79 is divided by d(u)?
19
Let d(s) = s**2 - 3*s + 13. Let z = 21 + -19. Suppose -3*r - z + 7 = -5*q, r = 4*q - 3. What is the remainder when d(r) is divided by 4?
3
Let y = 5 - 3. Suppose 4*l = -2*t + 11 + 3, -t = 3*l - 9. Suppose k = -y*k, s = -t*k + 13. What is the remainder when s is divided by 4?
1
Let c(i) = -i**2 + 9*i - 1. Let g = -107 + 162. Calculate the remainder when -2 + 6*g/10 is divided by c(6).
14
Let u(c) = 15*c**3 + c**2 + 2*c - 1. Calculate the remainder when 6/(-2) + 23*3 is divided by u(1).
15
Let m = 264 + -107. Suppose -9*r + 169 = -4*r - 2*z, -4*z + m = 5*r. Calculate the remainder when r is divided by 11 - 8/(-12)*-3.
6
Suppose -2*x + 4*x = 102. Let a = -37 - -67. Let q = 48 - a. Calculate the remainder when x is divided by q.
15
Let o(w) = 85*w + 38. What is the remainder when o(2) is divided by 54?
46
Suppose 5*r + 2*a + a = 240, r - 31 = -4*a. Let f be (r/2)/(6/16). Suppose k = -k + f. What is the remainder when k is divided by 9?
7
Suppose -2*x = 8, -c + 34 = 2*x - 39. Calculate the remainder when c is divided by 40.
1
Suppose -17*s + 27*s = 180. What is the remainder when 121 is divided by s?
13
Let p(j) = 3*j**2 - j**2 + 3*j + 1 - 5*j**2 + 1. Let i be p(-2). Let q = 11 - i. What is the remainder when q is divided by 10?
7
Let r(s) = s**2 + 9*s + 7. Let a be r(-9). Suppose -f - 5*j = -20, -3*f = -j - a - 5. Suppose -3 = f*m - 13. What is the remainder when 5 is divided by m?
1
Let l = 86 - 81. Suppose 2*b - 2*r - 6 = 0, l*r + 9 = 8*r. What is the remainder when b is divided by 2?
0
Let g = 575 + -543. What is the remainder when 155 is divided by g?
27
Suppose -4*j - 8 + 24 = 0. Let t(h) be the first derivative of -h**2/2 + 9*h - 4. What is the remainder when t(j) is divided by 3?
2
Let t(z) = -69*z - 95. What is the remainder when t(-2) is divided by 40?
3
Let j(m) = -15*m**3 - 4*m**2 + m + 2. Let d be j(-3). Let z = -592 + 847. Let p = d - z. What is the remainder when p is divided by 29?
26
Let d = 1004 + -996. Suppose 0 = -2*i + 22. What is the remainder when i is divided by d?
3
Suppose 2*b + y - 234 - 272 = 0, -3*y + 514 = 2*b. What is the remainder when b is divided by 12?
11
Suppose -q - 5*i = 3*q - 246, 0 = q + 5*i - 69. Suppose 20 + 113 = 15*o - 2. Calculate the remainder when q is divided by o.
5
Suppose -110*x = -111*x + 70. Calculate the remainder when x is divided by 18.
16
Suppose -993 = -8*d - 417. Suppose 5*r - w - d = -0*w, 2*w - 24 = -2*r. Calculate the remainder when 25 is divided by r.
11
Let z(j) = 3*j**3 - 32*j**2 - 12*j + 3. Let b(v) = v**3 - 11*v**2 - 4*v + 1. Let o(w) = 8*b(w) - 3*z(w). What is the remainder when 183 is divided by o(8)?
28
Suppose 0 = -15*v + 107 + 13. What is the remainder when 151 is divided by v?
7
Let x = 9 + -5. Let h(r) be the first derivative of -r**2/2 + 17*r - 1. What is the remainder when h(10) is divided by x?
3
Suppose -5*n + 2*n = -r + 15, -2*r = -2*n - 14. What is the remainder when 100 is divided by r?
1
What is the remainder when 84 is divided by 2/7 - -3*(-39)/(-7)?
16
Suppose 1230 = 5*a - 2*m, 0 = 2*a - 3*m - 299 - 182. Suppose -11*l = -3*l - a. Calc